6287 = -5*c. What is the units digit of c?
5
Let k(s) = 13*s**2 + 358*s - 14. What is the thousands digit of k(-31)?
1
Let i be (1 - -4)*((-8)/(-2) + -1). What is the tens digit of 1895*6/i + 7?
6
Suppose -8*s - 37*s = 27*s - 681336. What is the units digit of s?
3
Let j = 3909 + -207. What is the units digit of j?
2
Let h(r) = 20*r**2 - 9*r - 22. Let d be (-5)/(-2)*10/(-15)*3. What is the hundreds digit of h(d)?
5
Let h(a) = -2*a**3 - 91*a**2 - 46*a - 321. What is the units digit of h(-46)?
1
Let s = -13 + 18. Suppose q + 5*u = 10, -u - 4*u = -s*q + 110. What is the units digit of q?
0
Let r(z) = -2*z**2 - 12*z - 31. Let u be r(-9). Let w = 718 - u. Suppose -10*y - 83 = -w. What is the units digit of y?
2
Suppose -103 = -28*c + 37. Suppose -4*d + 4280 = -3*f + 6*f, -c*d + 2*f = -5373. What is the units digit of d?
3
Suppose 2*j = -115 - 149. Let z be 2*j/8 + 1. What is the hundreds digit of 5/((-100)/z)*125?
2
Let w = 2 - 1. Let h(c) = 282*c**3 - c. Let f be h(w). Let r = f - 163. What is the hundreds digit of r?
1
Let o(d) = -d**3 - 15*d**2 - 137*d + 279. What is the tens digit of o(-49)?
2
Let m = 26937 + -17123. What is the thousands digit of m?
9
Let n = 70 - 67. Suppose 2*u = -2*b + 5*b + 941, 3*u + n*b = 1419. Suppose -5*q + u = -193. What is the units digit of q?
3
Let i = 740 + -755. What is the tens digit of (-80)/i*69/4 + -2?
9
Suppose -3*m = -5*v + 53, v = -2*m + 7 + 1. Suppose 0 = -0*n - n + v. Let l(c) = c**2 - c - 19. What is the units digit of l(n)?
1
Let v(q) = 94*q + 318. Suppose b + 2*r = 19, 3*b - 2*r + 5*r - 42 = 0. What is the hundreds digit of v(b)?
1
Suppose 2*r + 3 = 7*r - 4*z, 3*z - 21 = -4*r. Suppose -4*d - r*d + 21 = 0. Suppose o + 24 = d*o. What is the units digit of o?
2
Suppose 5*r - 3*c + 175 = 0, 0*r + c = -4*r - 140. Suppose 305 + 165 = 3*s + 2*n, -469 = -3*s - n. Let g = r + s. What is the units digit of g?
1
Let z be (-8)/(-12) + (-16)/(-12). Suppose 2*b + 3*q + 8 = 0, 4*b - 8 = z*b + q. Suppose -y - 4*i = -33, -5*y - b*i = -0*i - 201. What is the units digit of y?
1
What is the units digit of (-8406)/30*350/(-30)?
9
Let h = 8805 - -13542. What is the units digit of h?
7
What is the units digit of (1 - (-2 + -4)) + (-174280)/(-8)?
2
Suppose -5*h - 189 = -509. Suppose -k + h = -17. What is the tens digit of k?
8
Let z = 20 + -12. Let w(v) be the first derivative of 19*v**2/2 + 32*v - 144. What is the tens digit of w(z)?
8
Suppose -112*z = -143*z - 62. What is the units digit of (-2)/4*(z + -476)?
9
Suppose -240 = 5*c + 4*b, 4*c - 4*b = b - 192. Let d = c - -56. Suppose -w + 3*q + d = -95, 0 = -5*q - 15. What is the units digit of w?
4
Let t(l) = -l**3 + 5*l. Let q be (-38)/14 + (-6)/42*2. Let i be t(q). Suppose i*b - 468 = 6*b. What is the units digit of b?
8
Let l(j) = -3464*j**3 - 165*j - 499. What is the units digit of l(-3)?
4
Let b(c) = -c**2 - 8*c - 9. Suppose 2*q + 18 = -q. Let o be b(q). Suppose 2*g - k - 117 = 38, -o*g - 4*k + 227 = 0. What is the tens digit of g?
7
Suppose -3 = -j, -3*y - 2*j + 353 = -2203. Suppose -y = -3*a - 4*p, -5*a + 9*p = 5*p - 1374. What is the tens digit of a?
7
Let t = -334 + 74. Let n = -98 - t. What is the tens digit of n?
6
Suppose 657 = -6*c + 1365. Let g be (0 - 1)*10/(-2). Suppose -c = -g*h + 2*s, -h + 84 = 3*h + s. What is the units digit of h?
2
Let g(m) = m**2 + 20*m + 101. Let z be g(-11). Suppose 3*n = n - 3*h + 1399, z*n - 1394 = 2*h. What is the units digit of n?
8
Suppose 11*i + 1174 = 12*i. Suppose 4*c + i = 3*f, 2*f + 3*c - 57 - 703 = 0. What is the hundreds digit of f?
3
Let o = 442 - 438. Suppose 0 = -o*d - 4*r + 2756, -11*r = -2*d - 12*r + 1380. What is the hundreds digit of d?
6
Suppose 2*l = -0*l - 2, 5*a = 4*l + 3009. Let w be (-2158)/(-65)*10*10/(-8). Let r = w + a. What is the tens digit of r?
8
Suppose -3*j + 14652 = 4*b, -30*b = -33*b - 2*j + 10990. What is the thousands digit of b?
3
Let c(u) = 10*u**2 - 15*u + 26. Let q be c(-13). What is the units digit of ((-3)/9 - 2)/((-13)/q)?
3
Suppose -5*z + z = 0. Suppose 10*u - 8*u + 38 = z. Let f = 95 + u. What is the tens digit of f?
7
Let w(o) = -131*o**2 + 21*o + 3. Let n(q) = -132*q**2 + 19*q + 3. Let y(a) = -3*n(a) + 2*w(a). What is the hundreds digit of y(-2)?
5
What is the units digit of (-34)/(-204) + (-572062)/(-12)?
2
Let y(s) = s - 17. Let f be y(15). Let l be 1/f - (-14994)/36. What is the units digit of l/18 - 16/144?
3
Suppose 0 = 77*a - 84*a + 1414. Suppose 5*q + 5*i - 2423 = a, -3*i - 1075 = -2*q. What is the units digit of q?
0
Let u be -7 + 4 + 6 - 11. Let g be u/(200/(-55)) - (-2)/(-10). What is the hundreds digit of (g*97)/(7/(-21)*-3)?
1
Let a(w) = -84*w**2 + 6*w + 10. Let o(i) = -i**2 + 3*i - 2. Let n(c) = -a(c) + o(c). What is the units digit of n(-3)?
4
Suppose -20*t - 858 + 245088 = -10530. What is the thousands digit of t?
2
Suppose -12*d + 9*d = -2169. Let c = d + -413. What is the tens digit of c?
1
Suppose 4*d = -641 + 5257. Let l(a) = 4*a + 2. Let k be l(-2). What is the units digit of (k/42)/(-1) + d/7?
5
Suppose -86 = -8*o + 258. Suppose o*v + 9656 = 51*v. What is the tens digit of v?
0
Let d = -13 + 19. Suppose d*n = 3*n + 15. What is the units digit of (n/3 + -2)/(3/(-711))?
9
Suppose -3*z + 713 + 2215 = 0. Suppose -7*q + 11*q + z = 0. Let y = q + 379. What is the hundreds digit of y?
1
Let i(g) = -10*g**2 + 5*g + 5. Let b be i(-4). Let d(l) = 22*l**2 - 163*l + 1. Let u be d(5). Let r = b - u. What is the units digit of r?
9
Let k be (25/10)/(3/6). Suppose 1384 = j - 2*q, k*j - q = 2746 + 4129. What is the units digit of j/12 - 4/(-8)?
5
Let t(d) = 2210*d - 5047. What is the tens digit of t(17)?
2
Let x(g) = 171*g**2 - 280*g - 19. What is the units digit of x(-9)?
2
Let i(h) be the second derivative of h**4/12 - 5*h**3/2 - 19*h**2/2 - 2*h - 29. What is the tens digit of i(17)?
1
Let y(l) = -l**2 - l + 4. Let t be y(0). Suppose 0 = t*a - 801 - 355. What is the units digit of a?
9
Suppose -82779 = 81*j - 15*j - 533889. What is the tens digit of j?
3
Let q = 153299 + -91257. What is the ten thousands digit of q?
6
Suppose -5735 - 4246 = -9*c. Suppose 3*j - c - 382 = 0. What is the tens digit of j?
9
Let o = -207 + 429. Suppose -u - 4*u - 74 = -x, 0 = 3*x - 5*u - o. What is the tens digit of x?
7
Suppose -5*p = -3*w - 1453, -4*p + 867 = -p + 3*w. Let y = 31 + p. What is the tens digit of y?
2
Let s = 581 + -566. Suppose s*y - 2372 = 2758. What is the hundreds digit of y?
3
Suppose -3*k + 1766 = 3*r - 5938, 4*k - 10256 = 4*r. What is the thousands digit of k?
2
Let l = -775 - -1160. What is the units digit of ((-649)/(-4))/(l/(-44) + 9)?
9
Let b(j) = 128*j**2 + 2*j - 1. Let a be b(1). Let n = 1796 + -1279. Suppose -a + n = 4*w. What is the units digit of w?
7
Let q = 97843 - 54693. What is the units digit of q?
0
Let v = -14 + 14801. What is the ten thousands digit of v?
1
Let r(g) = -3*g + 9. Let m be r(-2). Suppose 14*b - m*b = 145. Let u = 254 + b. What is the tens digit of u?
0
Let i(a) = -2*a**3 + 3*a - 3. Suppose 14*z = 12 + 2. Let d be i(z). Let r(q) = -4*q**3 + 3*q**2 + 2*q + 3. What is the tens digit of r(d)?
4
Suppose -70*u + 890820 = 56*u. What is the hundreds digit of u?
0
Let d = 38004 - 28630. What is the thousands digit of d?
9
Let x(l) = -559*l + 1327. What is the hundreds digit of x(-15)?
7
Let f(k) = 14*k - k**3 + 2*k**3 - 10*k**2 - 7 + 2*k**2. Let t be f(6). Suppose 4*j = -t*q + 247, q = 5*j + 27 - 314. What is the tens digit of j?
5
Suppose 14038 = 28*j - 8502. Suppose 6*n - j = 683. What is the units digit of n?
8
Let u be ((-6)/(-9))/((-16)/72) + 2295. Suppose -v = 11*v - u. What is the units digit of v?
1
Suppose -5*y = -y + 8. Let b(m) = m**2 - m + 1. Let i(f) = -31*f**2 + 6*f - 5. Let c(n) = -4*b(n) - i(n). What is the tens digit of c(y)?
1
Let g(b) = -9*b - 140. Suppose 5*j - 3*j = -50. What is the tens digit of g(j)?
8
Let z be 5/(-25) - (-11)/5. Let r = 16 - 14. Suppose -r*f = 2*a - 22, a - z = -5*f - 3. What is the tens digit of a?
1
Suppose -12*d + 9*d = 192. What is the units digit of (d/(-6))/(9/324)?
4
Let q = 66294 - 34914. What is the units digit of q?
0
Let o(z) = 41*z + 1655. What is the hundreds digit of o(70)?
5
Let n be (-1*(-1 + 4))/((-8)/8). Suppose -507 = -2*s + n*r, -2*s + 12*r + 525 = 15*r. What is the tens digit of s?
5
Suppo